alse
Is 489784759 prime?
False
Is 9958010989 composite?
True
Is 316868489482 composite?
True
Is 11299587287 composite?
True
Is 17778615559 composite?
True
Is 7818588307 a prime number?
True
Is 1707002903 a prime number?
True
Is 2475810979 prime?
False
Is 165486753031 composite?
False
Is 197450779 composite?
False
Is 844674357 prime?
False
Is 1164222755 a composite number?
True
Is 2517177329 prime?
False
Is 505543663 prime?
True
Is 860753141 a composite number?
False
Is 4599120283 a composite number?
False
Is 1178858843 composite?
False
Is 171411439 composite?
True
Is 163683983 a prime number?
True
Is 11995544093 composite?
True
Is 1271681758 a composite number?
True
Is 14369128429 a prime number?
True
Is 681161707 composite?
False
Is 42344529497 composite?
True
Is 22560142555 composite?
True
Is 1522171411 a composite number?
False
Is 25622405203 composite?
True
Is 18074104487 prime?
False
Is 657301969 a prime number?
False
Is 299650333 prime?
False
Is 2137356973 a prime number?
False
Is 8392477663 prime?
False
Is 131794771 a composite number?
True
Is 50071767565 composite?
True
Is 9057836981 a composite number?
False
Is 32580635261 a composite number?
False
Is 132859627801 composite?
True
Is 712781 a prime number?
True
Is 55166731519 composite?
False
Is 4224772361 composite?
False
Is 392723581 a prime number?
False
Is 437197093 a composite number?
False
Is 33516161179 a composite number?
True
Is 350004097 prime?
False
Is 3057234343 a composite number?
False
Is 1391811523 prime?
False
Is 19607085737 a prime number?
True
Is 1647151333 prime?
False
Is 2275754933 a prime number?
False
Is 72495730451 composite?
False
Is 2427270437 composite?
True
Is 1267874941 a composite number?
False
Is 140124617 composite?
False
Is 1497682163 prime?
False
Is 6254808083 a prime number?
False
Is 373185533239 a prime number?
True
Is 8114440703 prime?
False
Is 59400965171 a composite number?
False
Is 1548208111 a prime number?
True
Is 2761502449 a prime number?
False
Is 1703522123 a composite number?
False
Is 50397941089 composite?
True
Is 7653565 composite?
True
Is 1836759623 composite?
True
Is 12247045981 a prime number?
False
Is 2069023133 composite?
False
Is 290768083 prime?
True
Is 31689486721 a composite number?
True
Is 4092303473 composite?
False
Is 12340595089 a prime number?
False
Is 1312424423 a prime number?
True
Is 6640854889 a prime number?
True
Is 3380903821 prime?
False
Is 30130326361 a composite number?
False
Is 1759986577 composite?
False
Is 4684967521 a composite number?
True
Is 147794785649 composite?
True
Is 1835076623 prime?
True
Is 96208890699 a prime number?
False
Is 214952923 prime?
False
Is 155703334399 composite?
True
Is 10553223601 composite?
True
Is 195326761 composite?
True
Is 3565646957 a prime number?
False
Is 8566492811 composite?
False
Is 3711002447 a composite number?
False
Is 23037870391 a prime number?
False
Is 10359428717 prime?
False
Is 342484189 a prime number?
True
Is 9602060474 composite?
True
Is 218654999 composite?
True
Is 81331258105 a composite number?
True
Is 8502274007 a prime number?
True
Is 46121913197 composite?
False
Is 39459205381 a prime number?
False
Is 25293781165 composite?
True
Is 10852587101 composite?
True
Is 68577118543 composite?
True
Is 111927031079 prime?
True
Is 37216723 prime?
False
Is 2267003641 a prime number?
False
Is 1250062831 a prime number?
True
Is 106958268397 prime?
True
Is 41078354461 prime?
True
Is 944569583 a composite number?
True
Is 8134466891 a prime number?
False
Is 3171886181 prime?
True
Is 389681911 composite?
False
Is 2837939023 composite?
True
Is 17668675237 a composite number?
True
Is 108236596913 a prime number?
True
Is 3851276547 prime?
False
Is 1933159849 a composite number?
True
Is 34362051099 prime?
False
Is 754171489 prime?
True
Is 1575680591 a prime number?
False
Is 2107993451 a prime number?
True
Is 892840499 composite?
True
Is 39915338597 composite?
True
Is 239035055227 composite?
True
Is 158264892947 prime?
False
Is 408361462 composite?
True
Is 2408161451 prime?
False
Is 1029099973 prime?
False
Is 13590376663 a prime number?
True
Is 5124925291 a composite number?
True
Is 18736578121 a composite number?
False
Is 2082070247 a composite number?
False
Is 3290321233 a composite number?
False
Is 11531128907 a prime number?
False
Is 1199578513 prime?
False
Is 11497410079 a composite number?
True
Is 58652903467 a composite number?
True
Is 1902769427 a composite number?
True
Is 14714633183 prime?
True
Is 18666157 a prime number?
True
Is 29001894421 a composite number?
False
Is 7049190179 a composite number?
True
Is 2544251119 composite?
True
Is 1395125189 a composite number?
False
Is 6411547657 a prime number?
True
Is 7635079027 composite?
False
Is 58488756847 a composite number?
False
Is 465782437 a prime number?
True
Is 23756131979 a composite number?
True
Is 2016288713 composite?
True
Is 5023808047 prime?
False
Is 129039517357 composite?
False
Is 1327590581 prime?
True
Is 39185233 prime?
False
Is 72364457 prime?
False
Is 790413619 prime?
False
Is 28380130589 prime?
True
Is 7736972129 a composite number?
False
Is 561304195 a composite number?
True
Is 70293290057 a composite number?
False
Is 272024069 a prime number?
True
Is 276919079 composite?
False
Is 36155950769 composite?
False
Is 97084199437 prime?
False
Is 509479891 composite?
False
Is 398583893 prime?
True
Is 893369233 composite?
False
Is 10575166787 a prime number?
False
Is 2171748643 prime?
True
Is 8786368067 a composite number?
False
Is 3573590599 composite?
True
Is 217518373 prime?
False
Is 1464691967 a prime number?
False
Is 220704643 prime?
True
Is 134412349 a prime number?
False
Is 22730020151 prime?
True
Is 1083041357 a composite number?
True
Is 28121474461 a prime number?
False
Is 18720188177 a prime number?
False
Is 178000157 a composite number?
False
Is 875226437 a prime number?
True
Is 3824613307 prime?
False
Is 19720163031 prime?
False
Is 1596501761 a composite number?
False
Is 58678634153 prime?
False
Is 340384757 a prime number?
False
Is 6371270921 a prime number?
False
Is 35567319589 a prime number?
True
Is 8624677129 composite?
False
Is 609598823 a composite number?
True
Is 15954437197 composite?
False
Is 22671782303 a composite number?
True
Is 15833042747 a prime number?
True
Is 37122494881 composite?
False
Is 2187488585 composite?
True
Is 99212682535 a prime number?
False
Is 4130513323 a prime number?
True
Is 175403903 composite?
False
Is 83750697005 a prime number?
False
Is 78197599 composite?
True
Is 216377059 a composite number?
False
Is 6281887265 composite?
True
Is 118467680855 a composite number?
True
Is 4924724869 a prime number?
False
Is 71076172433 prime?
False
Is 18062112503 prime?
True
Is 347721851 a prime number?
False
Is 2571993917 prime?
False
Is 4509047 prime?
True
Is 4323741229 a prime number?
True
Is 32503253039 a composite number?
False
Is 74343674531 a composite number?
True
Is 23902285177 prime?
True
Is 10434204917 a composite number?
True
Is 2260387769 prime?
False
Is 160740383 a composite number?
False
Is 721913201 composite?
False
Is 1388349293 a composite number?
True
Is 174860318 composite?
True
Is 354302161 composite?
False
Is 583939003 composite?
True
Is 66997395341 a prime number?
True
Is 77717101477 a composite number?
True
Is 177974619 composite?
True
Is 3682146547 a prime number?
True
Is 501651779 prime?
False
Is 18722551054 a composite number?
True
Is 61498073471 a prime number?
False
Is 65415436817 composite?
False
Is 87214956691 a composite number?
False
Is 323136643 a prime number?
True
Is 119003501663 composite?
False
Is 556766619 prime?
False
Is 1613946533 a composite number?
False
Is 48921243697 composite?
False
Is 5052534913 a composite number?
True
Is 1734764683 a prime number?
True
Is 11267201587 a composite number?
False
Is 19373012251 composite?
True
Is 4752541921 composite?
False
Is 178473799 prime?
False
Is 9374389179 composite?
True
Is 2980158631 composite?
False
Is 15269766101 a prime number?
True
Is 115194906193 composite?
False
Is 5576534563 a composite number?
False
Is 13032883749 prime?
False
Is 809566481 a composite number?
False
Is 21013975051 a composite number?
False
Is 673407397 composite?
True
Is 158922608799 composite?
True
Is 407151287 prim